r) + 4*l(r). List the prime factors of o(-12).
2, 89
Let y(w) = -11*w**3 + 3*w**2 - 2*w + 4. List the prime factors of y(-5).
2, 3, 61
Suppose -7 = -a + 12. Suppose -i = -3*z - a, -2*i + 13 = -z - 0. Suppose -t + 60 = n + 4*n, -i*t = 5*n - 195. What are the prime factors of t?
3, 5
Let z(o) = -6*o + 19. Let y(u) = 5*u - 19. Let d(x) = -3*y(x) - 2*z(x). What are the prime factors of d(-15)?
2
Suppose -1056 = -4*n - 4*m, 0 = n + 2*m - 5*m - 264. List the prime factors of n.
2, 3, 11
Suppose 3*u = -6, 3*w = 4*u + 6 + 2. Let f(i) = -i**3 + 17*i**2 - 16*i + 16. Let v be f(16). Let c = w + v. List the prime factors of c.
2
Let h be ((-3)/3 + 0)*-1. What are the prime factors of h*(228 - -2) - 0/(-1)?
2, 5, 23
Let t = 135 - 198. Let g be ((-4)/(-7))/((-9)/t). Suppose g = 2*a - 0*a. What are the prime factors of a?
2
Let g(a) = 2*a**2 + 9*a - 80. Let p(k) = k**2 + 4*k - 40. Let m(u) = -2*g(u) + 5*p(u). List the prime factors of m(-17).
5, 43
Suppose 2*y = -18*y - 100. Let h(f) = -59*f - 67. What are the prime factors of h(y)?
2, 3, 19
Suppose -4*l + 0*l - 2*d + 30 = 0, 3*l - 2*d = 5. Let o(i) = 3*i + 17. Let g be o(-5). Suppose 1 = m, l*y - g*m = 44 + 29. What are the prime factors of y?
3, 5
Let z(u) be the third derivative of -u**6/40 - u**5/10 + u**4/8 + 5*u**3/6 + 37*u**2. List the prime factors of z(-5).
5, 43
Suppose 6*p = 2*p + 5*b + 179, 2*p - 85 = b. Suppose -2*w = 5*u + p - 16, 5*w + 15 = -3*u. Suppose -2*g = -w*g - 14. What are the prime factors of g?
7
Let i(a) = a**2 - 2*a + 3. Let l = -31 + 35. What are the prime factors of i(l)?
11
Suppose -5*h = 3*k + 10, -5*h + 18 = -2*h - 3*k. Let p(y) = 72*y - 7. List the prime factors of p(h).
5, 13
Let d be (-1 + 0)*(-8 - -7). Let w(a) = 76*a - 2. List the prime factors of w(d).
2, 37
Let f be (38 - (2 - 6)) + 3. Let h = -28 + 13. Let d = f + h. List the prime factors of d.
2, 3, 5
Suppose 10360 = 12*g + 1240. List the prime factors of g.
2, 5, 19
Suppose -2968 = -2*q + 2468. Let k be q/135 + (-4)/30. Suppose -2*c = 4*j - 110, c + k = 3*j - 75. List the prime factors of j.
2, 3, 5
Let i(d) be the third derivative of 9*d**6/40 - d**5/120 + 2*d**3/3 + 4*d**2. Let z(w) be the first derivative of i(w). What are the prime factors of z(1)?
2, 5
Let j = -195 + 610. List the prime factors of j.
5, 83
List the prime factors of (6/(-7 + 1))/((-2)/946).
11, 43
Let a(g) = -3*g - 24. Let y be a(-8). Suppose y = h + 1 - 7. What are the prime factors of h?
2, 3
Suppose 592*m - 582*m = 52460. List the prime factors of m.
2, 43, 61
Suppose 13*d - 2216 = 3452. List the prime factors of d.
2, 109
What are the prime factors of (-3 - -1)/(6/(-225))?
3, 5
Let f = 13 - 11. Let u(j) = j**3 + 2*j**2 - 3*j + 1. Let s be u(f). Let o = s + 8. What are the prime factors of o?
19
Suppose 0 = -6*d + 3*d - 4*j + 959, 0 = 4*d + 5*j - 1277. What are the prime factors of d?
313
Suppose -2*q - a + 5163 = 0, 3*q + 4*a - 8470 = -728. What are the prime factors of q?
2, 1291
Let g = 37 - 14. Let q(a) = 12*a - 47. What are the prime factors of q(g)?
229
Let x(w) = 6*w**2 - 11*w**3 + 12*w**3 + w**2. What are the prime factors of x(-5)?
2, 5
Let y = 36 - 116. List the prime factors of ((-20)/8)/(-1*(-4)/y).
2, 5
Let h = 250 - -108. Let r = h - 116. What are the prime factors of r?
2, 11
Let m(h) = h + 45. Let v(n) = -4*n**3 - 2*n**2 - 2*n - 1. Let u be v(-1). Suppose -r = -u*r. List the prime factors of m(r).
3, 5
Suppose 4068 = -289*n + 290*n. List the prime factors of n.
2, 3, 113
Let k(v) = v**2 - 14*v + 62. What are the prime factors of k(-16)?
2, 271
Suppose 0*m - 2*m = -10. Suppose l + 3 - m = 0. Suppose -l*p - 2*p = -140. List the prime factors of p.
5, 7
Let y be 20/(-25) - 4/(-5). Let b be y - (4 + -5 + 4). What are the prime factors of 0 - (b - -27)*-1?
2, 3
Let d(b) be the second derivative of b**4/12 + b**3/3 - 9*b**2/2 + 5*b. What are the prime factors of d(9)?
2, 3, 5
Let v(l) = -55*l + 8. List the prime factors of v(-9).
503
Suppose -2*g + 20 = 4*c, -3*c + 5*c - 6 = 0. Suppose -660 = -3*t + 3*b, 8*t - 878 = g*t + 3*b. List the prime factors of t.
2, 109
Suppose 3*v - 6804 = -3*r, r - 2268 = 5*v - v. List the prime factors of r.
2, 3, 7
Let x be 1*-1*(-158 + 5). Let h be (x/36)/((-2)/(-40)). Suppose 0 = -4*n + 4*p + 104, 4*n + 5*p - h - 1 = 0. List the prime factors of n.
2, 3
Let o(y) = 31*y + 116. What are the prime factors of o(38)?
2, 647
Suppose -2*v = -11 + 3, -v = 2*h - 22. Suppose 0 = 5*a - 1 - h. What are the prime factors of (-1)/(a*4/(-208))?
2, 13
Let o = 1284 - 731. List the prime factors of o.
7, 79
Suppose 0*y + 5 = 2*y - o, -5*o = -2*y - 7. Suppose q + q + 4 = y*b, -4*b + 18 = 5*q. Let j = 6 - b. List the prime factors of j.
2
Suppose 3*x = p - 104, x - 5*p = 3*x + 92. What are the prime factors of (-3)/((-142)/x - 4)?
2, 3
Suppose 57*r - 69*r = -444. Suppose -2*v + l = -5*v + 24, -l - 30 = -3*v. Suppose r = 10*m - v*m. List the prime factors of m.
37
Suppose 613 - 1617 = -4*a. Suppose 2*g = 6*g + 2*f - 498, -2*g + a = -f. List the prime factors of g.
5
Suppose 3*a - 94 = 2*a. Suppose a + 50 = 2*t. What are the prime factors of t/2 - (3 - 1)?
2, 17
Let c(y) = 2*y**2 + 27*y + 63. What are the prime factors of c(-22)?
19, 23
Let y(s) = -s**2 - 16*s - 9. Suppose 0 = 2*i + 4*h + 82, 2*i + 68 = -2*h - 4. Let l = 18 + i. List the prime factors of y(l).
2, 3, 5
List the prime factors of (-2)/(-6) - 12/(432/(-190572)).
2, 2647
Suppose -13 = -5*b + 3*s, s = 2*b + 1 - 6. Suppose j - 89 = -3*x - b*x, 0 = 3*j + x - 211. List the prime factors of j.
3, 23
Let c(b) = -4*b - 8. Let f be c(-6). Let o(a) = a**3 - 17*a**2 + 14*a + 20. Let n be o(f). List the prime factors of (-5)/(-20) - 417/n.
5, 7
Let n = -24 - -26. Suppose -4*j + 214 = -n. Suppose -j = -0*w - 6*w. What are the prime factors of w?
3
Suppose a + 1 = -2. Let o be 7/((-10)/a + -3). What are the prime factors of (18/o)/((-2)/(-14))?
2, 3
Let y be (2/3)/((-2)/78). Let v be y/(-117) + 2/(-9). Suppose 5*z - 75 = 4*k, -5*z - 5*k + 2 + 28 = v. List the prime factors of z.
11
Suppose -45 - 25 = -14*a. Suppose -5*m + 395 - 33 = 3*r, -m = a*r - 90. What are the prime factors of m?
2, 5, 7
Let f(n) = 5*n**2 + 16*n - 5. Let t(d) = -6*d**2 - 17*d + 6. Let w(c) = -7*f(c) - 6*t(c). List the prime factors of w(14).
5, 11
Let d(u) = -44*u - 230. What are the prime factors of d(-23)?
2, 17, 23
Let k = -256 - -700. List the prime factors of k.
2, 3, 37
Suppose d = 2*d + 1. Let p = d + -7. Let k(o) = o**3 + 9*o**2 - 2*o - 6. What are the prime factors of k(p)?
2, 37
Suppose -5*o + 0 = -2*s - 5, 2*o = 3*s + 2. Suppose 5*q = -30 - s. Let d(c) = -2*c - 3. List the prime factors of d(q).
3
Suppose w + 4*h + 12 = 0, -36 = 3*w - 0*h - h. Let o = -80 + 51. Let b = w - o. List the prime factors of b.
17
Suppose -16 = -4*d - 4. Suppose 39 = -d*j + 3*w, w - 37 = 3*j - 0*w. List the prime factors of 1 + (-212)/j*3.
2, 3
Let v be -16*(2/4 + 0). Let y = v - -8. Suppose 5*n - 95 = -y*n. List the prime factors of n.
19
Let p(r) = -10*r + 1 + 6*r - 10*r. Let s = 104 + -107. What are the prime factors of p(s)?
43
Let o = 367 - 254. List the prime factors of o.
113
List the prime factors of (-84)/(-14)*(-800)/(-6).
2, 5
Suppose -5*l = -f + 108, 2*l + 6*f = 4*f - 36. Let d = -10 - l. What are the prime factors of d?
11
Let r(j) = 2*j**2 + 2*j - 7. Suppose -2*w - 30 = -3*w. Let k = w + -27. What are the prime factors of r(k)?
17
Let y be 0/8 + (1 - -11). Let j be (-2 + 6)*9/y. Suppose j*s - 35 = -5*u, 3*u = 5*s - 0*u - 81. List the prime factors of s.
3, 5
Let f(m) = -2*m + 10. Let o be f(7). Let h = o + 5. What are the prime factors of ((-3)/3)/(h/(-3))?
3
Suppose 1535 = 4*f + 491. Suppose k = -2*k + f. Suppose -k = -2*m - 29. What are the prime factors of m?
29
Let u = -26 + 31. What are the prime factors of u/(-15) - (-868)/12?
2, 3
Let c(j) = -j**3 + 10*j**2 - 4*j - 19. Let r be c(8). Suppose 0 = -r*y + 74*y + 387. List the prime factors of y.
3, 43
Suppose 3*i + 681 = 3*x, -3*i = x - 6*x + 1139. Let q = x + -127. List the prime factors of q.
2, 3, 17
Suppose -4*t + 4*j + 28 = 0, -2*t = j + 4*j + 14. Suppose 3*o + 2*x - 342 = 0, -t*o + 452 = o + 4*x. List the prime factors of o.
2, 29
Let c(o) = 6*o**2 + 14*o + 4. Let y be c(6). Suppose 0 = 6*p - 2*p - y. What are the prime factors of p?
2,